{"id":1924,"date":"2023-02-24T17:30:54","date_gmt":"2023-02-24T17:30:54","guid":{"rendered":"https:\/\/hotelnuevomejicopr.com\/event\/noche-de-galeria-vega-baja\/"},"modified":"2023-02-24T17:30:54","modified_gmt":"2023-02-24T17:30:54","slug":"noche-de-galeria-vega-baja","status":"publish","type":"tribe_events","link":"https:\/\/hotelnuevomejicopr.com\/en\/calendario\/noche-de-galeria-vega-baja\/","title":{"rendered":"Noche de Galer\u00eda &#8211; Vega Baja"},"content":{"rendered":"<p>El s\u00e1bado 4 de marzo se celebrar\u00e1n las Noches de Galer\u00eda en el Museo Casa Alonso de Vega Baja. A partir de las 6 p. m., podr\u00e1 disfrutar de una exposici\u00f3n en una galer\u00eda de arte, gastronom\u00eda local y m\u00fasica.<\/p>","protected":false},"excerpt":{"rendered":"<p>El s\u00e1bado 4 de marzo se celebrar\u00e1n las Noches de Galer\u00eda en el Museo Casa Alonso de Vega Baja. A partir de las 6 p. m., podr\u00e1 disfrutar de una<a class=\"more-link\" href=\"https:\/\/hotelnuevomejicopr.com\/en\/calendario\/noche-de-galeria-vega-baja\/\">Continue reading <span class=\"screen-reader-text\">\u00abNoche de Galer\u00eda &#8211; Vega Baja\u00bb<\/span><\/a><\/p>","protected":false},"author":7,"featured_media":0,"template":"","meta":{"_monsterinsights_skip_tracking":false,"_monsterinsights_sitenote_active":false,"_monsterinsights_sitenote_note":"","_monsterinsights_sitenote_category":0,"_tribe_events_status":"","_tribe_events_status_reason":"","footnotes":""},"tags":[],"tribe_events_cat":[24],"class_list":["post-1924","tribe_events","type-tribe_events","status-publish","hentry","tribe_events_cat-exhibit","cat_exhibit","entry"],"_links":{"self":[{"href":"https:\/\/hotelnuevomejicopr.com\/en\/wp-json\/wp\/v2\/tribe_events\/1924","targetHints":{"allow":["GET"]}}],"collection":[{"href":"https:\/\/hotelnuevomejicopr.com\/en\/wp-json\/wp\/v2\/tribe_events"}],"about":[{"href":"https:\/\/hotelnuevomejicopr.com\/en\/wp-json\/wp\/v2\/types\/tribe_events"}],"author":[{"embeddable":true,"href":"https:\/\/hotelnuevomejicopr.com\/en\/wp-json\/wp\/v2\/users\/7"}],"version-history":[{"count":0,"href":"https:\/\/hotelnuevomejicopr.com\/en\/wp-json\/wp\/v2\/tribe_events\/1924\/revisions"}],"wp:attachment":[{"href":"https:\/\/hotelnuevomejicopr.com\/en\/wp-json\/wp\/v2\/media?parent=1924"}],"wp:term":[{"taxonomy":"post_tag","embeddable":true,"href":"https:\/\/hotelnuevomejicopr.com\/en\/wp-json\/wp\/v2\/tags?post=1924"},{"taxonomy":"tribe_events_cat","embeddable":true,"href":"https:\/\/hotelnuevomejicopr.com\/en\/wp-json\/wp\/v2\/tribe_events_cat?post=1924"}],"curies":[{"name":"wp","href":"https:\/\/api.w.org\/{rel}","templated":true}]}}

Noche de Galería &#8211; Vega Baja

<p>El sábado 4 de marzo se celebrarán las Noches de Galería en el Museo Casa Alonso de Vega Baja. A partir de las 6 p. m., podrá disfrutar de una exposición en una galería de arte, gastronomía local y música.</p>

<p>El sábado 4 de marzo se celebrarán las Noches de Galería en el Museo Casa Alonso de Vega Baja. A partir de las 6 p. m., podrá disfrutar de una<a class="more-link" href="https://hotelnuevomejicopr.com/en/calendario/noche-de-galeria-vega-baja/">Continue reading <span class="screen-reader-text">«Noche de Galería &#8211; Vega Baja»</span></a></p>
